 m be g(-1). Suppose 0 = -m*p + 22 + 148. Calculate the remainder when p is divided by c(-1).
16
Let n(o) = 14*o + 551. What is the remainder when 104 is divided by n(-37)?
5
Suppose -g = -3*a + 64, -13*a + 11*a - 2*g = -56. Calculate the remainder when 62 is divided by a.
16
Suppose -2*f + 7*f = 80. Suppose 6*j + 260 = f*j. What is the remainder when 97 is divided by j?
19
Suppose 0 = -d + y + 31, 2*d - 5 = 3*y + 60. Calculate the remainder when 194 is divided by d.
26
Let s be (18/(-5))/((-4)/20). Let r = s + -7. Calculate the remainder when r is divided by 3.
2
Let w(v) = 6*v + 15. Calculate the remainder when w(23) is divided by (3/2)/((-2)/(-52)).
36
Let l be (6/(-2) - -8)/1. Suppose l = b - 2. Calculate the remainder when (10/(-6) + 0)*-12 is divided by b.
6
Suppose 155*u = 144*u + 506. Calculate the remainder when u is divided by 11.
2
Suppose 0 = -183*m + 194*m - 44. Let g be 2 + (-1)/2*0. Calculate the remainder when m is divided by ((-12)/(-21))/(g/7).
0
Let n(w) = -5*w - 3. Let v(c) = -2*c - 1. Let b(i) = 6*n(i) - 13*v(i). Calculate the remainder when 13 is divided by b(-3).
6
Suppose -53*k = -55*k + 58. Let n = 36 - k. Calculate the remainder when n is divided by 3.
1
What is the remainder when 4/(-6) - (19400/12)/(-10) is divided by 24?
17
Suppose -7*p - 179 = -718. What is the remainder when p is divided by 26?
25
Suppose 6*i = -m + i - 99, 438 = -4*m + i. Let r = 178 + m. What is the remainder when r is divided by 24?
21
Suppose 4*z + 2*z = 24. Suppose -2*b + z = -202. Let y = -67 + b. What is the remainder when y is divided by 13?
10
Suppose -2*l + 4*w + 26 = w, 4*l - 2*w = 52. Suppose 6*t - 4 = 10*t, -f + l = -3*t. What is the remainder when 108 is divided by f?
8
Let k(n) = 3*n + 37. Let z = 29 - 38. What is the remainder when 37 is divided by k(z)?
7
Let s(a) = 9*a + 1. What is the remainder when 106 is divided by s(3)?
22
Let n = -193 + 383. Calculate the remainder when n is divided by (1 + -7)/((-2)/8).
22
Let m(q) = 0 - 3 - q**2 + 8*q + 0. Calculate the remainder when (-23)/(-92)*1*36 is divided by m(7).
1
Calculate the remainder when 2287 is divided by (195/(-60))/(5/(-20)).
12
Let r = 212 - 70. What is the remainder when r is divided by 24?
22
Let q(r) = 9*r**2 + 3*r + 32. Calculate the remainder when q(-4) is divided by 49.
17
Let i = 28 - 16. Let l(k) = 3*k + 2. Let s be l(2). Let a = s + 26. What is the remainder when a is divided by i?
10
Suppose -19*x - 357 = -26*x. Calculate the remainder when 95 is divided by x.
44
Suppose 2*v = -2 + 10. Suppose -v*w + 106 = 34. What is the remainder when 66 is divided by w?
12
Let q = 30 - 17. Suppose -5*u = -3*u - 4. What is the remainder when q is divided by 8/2*(u - 0)?
5
Calculate the remainder when 192 is divided by -1 - -3 - 94*(-3)/6.
45
Let y = -198 - -211. What is the remainder when 152 is divided by y?
9
Let w(j) = j + 16. Let r be w(-10). Suppose r - 38 = -4*h. Calculate the remainder when 41 is divided by h.
1
Calculate the remainder when (-1505)/(-21) + 4*(-7)/42 is divided by 37.
34
Suppose 25 = -10*y + 15*y + 5*t, -4*y + 28 = 2*t. Calculate the remainder when 249 is divided by y.
6
Let g = 51 + -49. Let z(f) = 3*f**3 - 2*f**2 - 3*f + 3. Calculate the remainder when z(g) is divided by (16/2)/(-3 - -4).
5
Let g(h) = -h**2 - 10*h - 4. Let u = 3 - 10. Let a be g(u). Suppose a = -0*p + p. Calculate the remainder when 67 is divided by p.
16
Suppose -2*h = 7*b - 4*b - 257, 440 = 5*b + h. What is the remainder when b is divided by (-32 + -3 + 4)/(-1)?
27
Let l = -5 + 10. Suppose 5*m = -4*x + 406, 0 = -19*x + 16*x + 12. Calculate the remainder when m is divided by (l/3)/(2/24).
18
Let o = 25 + -22. Suppose -2*m - 3*m = -3*j + 52, m = o*j - 68. Calculate the remainder when 71 is divided by j.
23
Suppose -343 = -5*d - f + 131, 2*d = -2*f + 196. Calculate the remainder when d is divided by 20.
14
Let o(s) = 2*s - 4. Let v be (-3 - -2) + 7 - -1. Calculate the remainder when 29 is divided by o(v).
9
Suppose 2*h + 0 = 4. Suppose -2*q = -q - h. Calculate the remainder when 2 is divided by q.
0
Calculate the remainder when (1 - 0)/(-1)*(-1250)/50 is divided by 17.
8
Let d(r) = r**2 + 4*r - 7. Let u be (6/8)/(16/64). Let i be -1 - (-9 + u)/(-1). Calculate the remainder when 54 is divided by d(i).
12
Let l(q) = -q**2 + 15*q + 5. Suppose 5*c + 9 = 84. What is the remainder when l(c) is divided by 4?
1
Suppose 8*b - 908 = 3964. Calculate the remainder when b is divided by 17.
14
Let p = -42 + 52. Suppose 0 = p*r - 29 - 51. What is the remainder when 22 is divided by r?
6
Let b be ((-54)/(-10) - 6)/((-1)/5). Suppose -5*p - b*g + 0 + 6 = 0, 2*p = -3*g - 3. Calculate the remainder when p is divided by 16/8 + (-2)/2.
0
Suppose -4*i - 24 = -4*n, 3*n + 4*i - 3*i - 6 = 0. Suppose 267 = 2*k + 2*k - n*u, 342 = 5*k - u. Calculate the remainder when k is divided by 7.
6
Let j be (-7)/2*(0 + -36). Let f = j + -87. Let r = -522 - -536. Calculate the remainder when f is divided by r.
11
Let o(p) = 2*p**2 - 8*p - 5. Let u = 4391 - 4318. What is the remainder when u is divided by o(6)?
16
Suppose 0 = -5*x + 2*r + 210, -3*x + 7*r + 112 = 3*r. What is the remainder when 332 is divided by x?
24
Calculate the remainder when (-1)/(-4)*(455 + -51) is divided by 37.
27
Suppose 131*y = 133*y - 14. Calculate the remainder when 333 is divided by y.
4
Let h = -987 - -1284. What is the remainder when h is divided by 25?
22
Let n(m) = 2*m**2 - 17*m + 8. Calculate the remainder when n(12) is divided by 17.
7
Let w(t) = -t + 1. Let s(z) = 26. Let f(p) = s(p) + w(p). Suppose 0 = -o + 4 + 101. What is the remainder when o is divided by f(0)?
24
Suppose -u - u = -124. Suppose 11*n = 9*n - r + 45, 5*n = 3*r + 96. What is the remainder when u is divided by n?
20
Let z = -227 + 280. What is the remainder when 204 is divided by z?
45
Let j be ((-45)/30)/(6/(-16)). Suppose -18 - 34 = -j*k. Calculate the remainder when 23 is divided by k.
10
Calculate the remainder when 22/(-2)*66/(-22) is divided by 4.
1
What is the remainder when -35*(6/(-21))/(3/27) is divided by 22?
2
Let q = 0 - -5. Suppose q*a = 2*a + 9. Suppose a*w + 5 = -4*i + 22, -5*i + w + 26 = 0. What is the remainder when 19 is divided by i?
4
Suppose 0 = -10*t + 5*t + 120. What is the remainder when 84 is divided by t?
12
Let k(d) = d - 9. Let f be k(14). Suppose f*i - 2*i = 159. What is the remainder when i is divided by (-124)/(-7) - (7 + (-357)/49)?
17
Let g be 3/(3 - 872/292) - -1. Suppose -1229 = -9*r + g. What is the remainder when r is divided by 55?
51
Suppose g = 2*k + 3*g - 342, -317 = -2*k + 3*g. What is the remainder when 507 is divided by k?
9
Let y(o) = o**3 + 6*o**2 + 5*o + 2. Let n = 146 - 23. Calculate the remainder when n is divided by y(-4).
11
Suppose -5*h = 2*q - 59, q - 2*h - 7 + 0 = 0. Let c(k) = -11*k + 208. What is the remainder when c(12) is divided by q?
8
Let y(z) = z**2 - 6*z - 22. Suppose 2*a - 12 = 14. Calculate the remainder when a is divided by y(9).
3
Suppose -405 = -8*q + 523. Calculate the remainder when 1506 is divided by q.
114
Let p = 25 + 47. Let y be (192/(-10))/((-13)/((-910)/(-28))). Let b = p - y. Calculate the remainder when 95 is divided by b.
23
Let q(z) = z**3 - 3*z**2 - z + 6. Suppose 0 = 2*s, 0*x + 15 = -x + 5*s. Let i = x + 26. What is the remainder when i is divided by q(3)?
2
Let g = -343 + 412. Calculate the remainder when g is divided by 49.
20
Let f be 1 + (2 + -1)*35. Let u = -21 + f. Let d(g) = -g**2 - 14*g - 5. What is the remainder when d(-7) is divided by u?
14
Suppose 4*a - 27 = -7. Let j = 518 + -509. Calculate the remainder when j is divided by a.
4
Let f(k) = 48*k**2 - 8*k - 9. What is the remainder when 181 is divided by f(-1)?
40
Let u(t) = -7*t - 7. Let h(i) = 27*i - 3. Let b be h(7). Suppose -x + 4*x = b. What is the remainder when x is divided by u(-4)?
20
Let z(y) = y**2 + 21*y + 95. Suppose c + 2*c = -72. What is the remainder when ((-14)/4)/(2/c) is divided by z(-5)?
12
Calculate the remainder when (-3)/(-9*1/438) is divided by 37.
35
Let p be ((-32)/48)/((-6)/(-45)). Let h(c) = c. Let v be h(5). Calculate the remainder when 34 is divided by 62/v + 2/p.
10
Let u = -98 - -176. Calculate the remainder when u is divided by 10.
8
Let n = 28 + -26. Suppose -2*c - n*c + 36 = 0. Calculate th